
Let v(p) = 65*p + 408. What is v(-6)?
18
Let q(v) = v**3 - 34*v**2 - 259*v + 756. Determine q(40).
-4
Let o(x) = 2141*x - 29967. Determine o(14).
7
Let r(w) = -146*w + 690. Determine r(4).
106
Let x(o) = -31*o**2 - 266*o + 108. Calculate x(-9).
-9
Let u(l) = -284*l - 1429. Give u(-5).
-9
Let i(l) = -140*l**2 + 21845*l - 774. What is i(156)?
6
Let i(o) = 2*o**2 + 733*o + 11884. What is i(-17)?
1
Let t(m) = m**2 - 13110*m + 392398. Determine t(30).
-2
Let k(d) = 27*d + 362. Calculate k(-8).
146
Let p(z) = 7*z**2 - 306*z - 6841. Calculate p(60).
-1
Let r(z) = 36*z + 592. Calculate r(-17).
-20
Let a(n) = 39*n + 13. Determine a(-2).
-65
Let k(v) = -30*v + 63. Give k(8).
-177
Let s(u) = -85*u + 266. Calculate s(6).
-244
Let x(j) = j**2 + 19*j - 514. Calculate x(15).
-4
Let f(k) = -k**3 - 65*k**2 + 51*k + 3348. Give f(-65).
33
Let u(y) = 1201*y - 9. Calculate u(0).
-9
Let u(y) = -y**2 + 24*y + 16. What is u(27)?
-65
Let v(q) = 25*q - 2299. Give v(87).
-124
Let s(o) = 2*o**2 + 145*o - 1462. Determine s(9).
5
Let t(c) = 22*c**3 + c**2 + 3*c + 2. Calculate t(-1).
-22
Let i(x) = -246*x - 3452. Determine i(-14).
-8
Let n(z) = z**2 + 139*z - 1329. What is n(9)?
3
Let o(t) = 45*t**3 + 3*t**2 + 8*t - 10. Determine o(1).
46
Let w(x) = -8*x - 311. Calculate w(-22).
-135
Let b(t) = t**2 - 56*t - 109. Determine b(57).
-52
Let d(y) = 179*y + 260. Determine d(-2).
-98
Let w(s) = 418*s - 42633. Determine w(102).
3
Let c(g) = -2*g**3 + 39*g**2 + 57*g + 69. Give c(21).
-57
Let u(v) = 109*v + 3483. Determine u(-32).
-5
Let p(x) = -x**2 - 42*x - 286. What is p(-27)?
119
Let r(p) = -p**3 - 8*p**2 + 158*p - 46. Give r(9).
-1
Let u(s) = -s**3 + 14*s**2 - 33*s + 278. What is u(13)?
18
Let v(f) = -30*f - 365. Calculate v(-14).
55
Let p(u) = -24*u**2 + 5*u + 6. Calculate p(-1).
-23
Let c(r) = -201*r - 655. Give c(-3).
-52
Let c(r) = 102*r + 8. Calculate c(1).
110
Let i(u) = u**3 + 30*u**2 + 28*u + 832. What is i(-30)?
-8
Let m(q) = -219*q + 24304. Determine m(111).
-5
Let s(x) = -372*x + 5204. Give s(14).
-4
Let g(s) = s**3 - 6*s**2 + 22*s - 87. Determine g(5).
-2
Let x(c) = c**2 - 3200*c + 28717. What is x(9)?
-2
Let p(l) = -56*l - 725. Determine p(-13).
3
Let x(j) = 294*j**2 + 3532*j + 44. Determine x(-12).
-4
Let x(v) = 1096*v + 1088. Calculate x(-1).
-8
Let n(r) = -3*r**3 - 17*r**2 - 13*r + 9. Determine n(-7).
296
Let b(w) = -2*w**3 - 46*w**2 + 34*w - 82. Calculate b(-24).
254
Let t(c) = c**2 + 40*c + 99. Give t(-32).
-157
Let s(b) = b**3 + 9*b**2 + 6*b - 61. Determine s(-8).
-45
Let x(i) = 56*i - 530. Calculate x(11).
86
Let m(q) = q**2 - 267*q + 1998. Give m(8).
-74
Let a(w) = w**3 - 2*w**2 - 21*w + 15. Give a(5).
-15
Let z(h) = -33231*h - 232624. What is z(-7)?
-7
Let m(n) = -2*n**3 - 4*n**2 - 21*n + 78. Determine m(3).
-75
Let s(x) = -x**2 + 2*x + 126. What is s(0)?
126
Let k(j) = 4*j + 23. Determine k(4).
39
Let x(o) = -17*o - 19. Calculate x(-2).
15
Let s(h) = h**2 + 34*h + 294. Calculate s(-18).
6
Let m(x) = 83*x + 12204. Calculate m(-147).
3
Let u(o) = -11*o + 264. Calculate u(25).
-11
Let h(c) = -c**2 - 38*c - 230. Determine h(-6).
-38
Let f(z) = -7*z**2 - 16*z - 164. Calculate f(-11).
-835
Let f(w) = -345*w**2 + 29*w - 29. Give f(1).
-345
Let l(b) = 4*b**2 + 331*b + 1770. What is l(-77)?
-1
Let b(y) = -4*y**2 - 32*y - 30. Determine b(-3).
30
Let g(a) = -10*a**2 + 127*a - 380. Give g(3).
-89
Let p(j) = -27*j + 1243. Give p(45).
28
Let s(y) = -920*y - 21220. What is s(-23)?
-60
Let y(k) = k**2 + 63*k + 974. Determine y(-28).
-6
Let y(i) = -i**2 - 57*i - 182. Determine y(-31).
624
Let x(t) = 925*t - 8331. Determine x(9).
-6
Let d(w) = 128*w + 5155. Give d(-40).
35
Let m(x) = x**2 + 125*x - 1807. Determine m(-138).
-13
Let i(t) = 324*t + 1959. What is i(-6)?
15
Let t(x) = -x**2 + 16*x - 14. Give t(1).
1
Let n(w) = w**2 + 124*w - 156. Determine n(-125).
-31
Let i(m) = -m**2 - 69*m - 628. Give i(-11).
10
Let h(q) = 173*q - 8084. Calculate h(47).
47
Let o(d) = 2*d**2 + 164*d + 768. Calculate o(-77).
-2
Let j(u) = 4*u**2 - 126*u + 1. Give j(0).
1
Let d(o) = -36*o**2 + 10*o - 4. What is d(2)?
-128
Let f(w) = -w**3 - 2*w**2 + 36*w - 694. What is f(-11)?
-1
Let p(u) = u**3 + 61*u**2 + 536*u + 19. Determine p(-12).
643
Let x(b) = -357*b - 2140. Calculate x(-6).
2
Let n(l) = 2*l**2 + 17*l - 470. What is n(11)?
-41
Let j(k) = -k**2 + 27*k + 237. Calculate j(34).
-1
Let d(n) = 3*n**2 + 353*n + 8124. Give d(-86).
-46
Let k(n) = n**3 + 400*n**2 - 804*n - 16. What is k(-402)?
-16
Let t(x) = x - 37. Give t(14).
-23
Let j(i) = -19*i + 621. Give j(33).
-6
Let t(w) = -267*w**2 - 9338*w + 258. What is t(-35)?
13
Let b(u) = 56*u - 1171. Determine b(21).
5
Let z(i) = -15*i**2 - 96*i - 132. Determine z(-2).
0
Let l(i) = i**3 + 28*i**2 - 17*i - 505. Give l(-28).
-29
Let h(j) = -j**3 - 2*j**2 - 6*j + 61. Calculate h(3).
-2
Let s(r) = 3*r**3 + 181*r**2 + 52*r - 422. What is s(-60)?
58
Let o(h) = 7*h**3 + 935*h**2 + 541*h + 1207. Give o(-133).
10
Let z(g) = g**3 - 101*g**2 - 111*g + 324. Determine z(102).
-594
Let v(r) = 88*r**2 + 216*r + 72. What is v(-2)?
-8
Let i(p) = 443*p - 452. What is i(1)?
-9
Let h(v) = -51*v - 23911. Give h(-469).
8
Let l(u) = -u**3 - 72*u**2 + 55*u - 1326. Determine l(-73).
-12
Let g(a) = -a**2 + 51*a - 436. Calculate g(38).
58
Let r(j) = -j**3 - 16*j**2 - 64*j - 36. Give r(-5).
9
Let j(v) = -v**3 - 41*v**2 + 50*v + 352. What is j(-42)?
16
Let n(l) = -1541*l - 7695. Determine n(-5).
10
Let u(f) = 3*f**2 + 122*f + 288. Give u(-38).
-16
Let t(a) = -3*a**2 - 26*a + 27. Calculate t(0).
27
Let j(h) = -28*h + 1280. What is j(42)?
104
Let c(z) = 2*z**3 - 96*z**2 - 96*z - 96. Determine c(49).
2
Let a(k) = -4*k**2 + 188*k - 32. What is a(47)?
-32
Let c(n) = -n**3 + 22*n**2 + 49*n - 100. Give c(24).
-76
Let j(w) = -133*w + 919. What is j(6)?
121
Let d(j) = -1280*j + 3933. What is d(3)?
93
Let c(h) = -3*h**2 - 13*h + 73. Determine c(9).
-287
Let s(d) = d**3 - 29*d**2 - 32*d - 28. Determine s(30).
-88
Let x(c) = -c**3 + 11*c**2 - 16*c - 4. Give x(10).
-64
Let a(h) = -445*h + 3123. Give a(7).
8
Let l(u) = -u**2 - 23*u - 96. Determine l(-7).
16
Let p(r) = -27*r - 583. Calculate p(-17).
-124
Let c(p) = -4*p + 216. What is c(-6)?
240
Let w(d) = -72*d + 3439. What is w(47)?
55
Let i(v) = 189*v - 2268. Determine i(12).
0
Let p(u) = u**2 + 25*u - 21. Calculate p(-24).
-45
Let g(k) = 115*k + 205. Determine g(-1).
90
Let t(z) = -z**3 + 33*z**2 - z + 32. What is t(33)?
-1
Let q(n) = n**2 + 6*n + 8. Determine q(-9).
35
Let g(w) = -w**3 - 26*w**2 - 167*w + 18. Give g(-12).
6
Let i(d) = -382*d - 2671. Calculate i(-7).
3
Let u(b) = -161*b - 2912. Calculate u(-18).
-14
Let w(z) = 10*z**2 + 119*z - 31. What is w(-12)?
-19
Let m(s) = 15*s - 529. Calculate m(36).
11
Let s(u) = -5*u**2 - 152*u - 106. Calculate s(-32).
-362
Let x(d) = -d**3 + 6*d**2 + 6*d + 67. Give x(9).
-122
Let f(n) = 183*n**2 + 385*n + 31. What is f(-2)?
-7
Let b(p) = -p**2 + 212*p + 1761. What is b(-8)?
1
Let d(j) = j**2 - 2*j - 52. Determine d(-6).
-4
Let l(h) = -111*h + 1283. What is l(10)?
173
Let i(t) = 35*t + 153. Determine i(-8).
-127
Let z(t) = -3*t**3 - 70*t**2 + 57*t + 128. Give z(-24).
-88
Let n(j) = -j**2 + 12*j + 27. Determine n(5).
62
Let u(j) = -2*j**2 + 235*j + 115. Calculate u(118).
-3
Let d(n) = 14266*n + 142655. Determine d(-10).
-5
Let s(y) = -273*y - 5726. Give s(-21).
7
Let m(w) = w**3 - 11*w**2 - 4*w - 4. What is m(11)?
-48
Let v(f) = f**3 - 33*f**2 + 54*f + 258. Calculate v(31).
10
Let h(j) = -j**3 - 10*j**2 - 9*j + 55. Calculate h(5).
-365
Let l(w) = w**3 - 203*w**2 - 43*w + 8729. Determine l(203).
0
Let g(q) = q**3 + 21*q**2 + 23*q + 100. What is g(-20)?
40
Let w(o) = 2*o**3 + 126*o**2 + 132*o + 472. Determine w(-62).
-24
Let w(d) = -d**3 - 5*d**2 + 221*d - 758. What is w(4)?
-18
Let u(r) = 2*r**3 - 17*r**2 + 34*r + 8. What is u(7)?
99
Let v(d) = -44*d - 250. Give v(-9).
146
Let a(y) = 1491*y + 10460. Determine a(-7).
23
Let i(v) = -8*v**2 + 146*v - 1103. Determine i(8).
-447
Let x(b) = -b**3 - 35*b**2 + 7*b + 187. Determine x(-35).
-58
Let r(v) = -63*v + 1131. What is r(24)?
-381
Let y(b) = -2*b**3 - 3*b**2 + 8*b - 6. Determine y(2).
-18
Let g(h) = 14*h + 665. What is g(-48)?
-7
Let t(o) = -11*o - 73. Determine t(-8).
15
Let t(f) = -3*f - 171. Calculate t(-34).
-69
Let q(v) = -26*v + 112. Det